e 7) to base 15.
-1695
What is -20 (base 14) in base 3?
-1001
-534 (base 10) to base 13
-321
Convert -2d50 (base 14) to base 5.
-224411
Convert -3011 (base 5) to base 16.
-17d
-186f (base 16) to base 15
-1cc0
Convert 5281 (base 9) to base 16.
f28
What is -4300 (base 5) in base 8?
-1077
Convert 424 (base 5) to base 9.
136
What is 6220 (base 16) in base 7?
133144
Convert -10344 (base 6) to base 15.
-657
Convert 6572 (base 9) to base 16.
12ec
What is 21535 (base 6) in base 3?
11010112
44f9 (base 16) to base 15
5372
Convert 5ac (base 14) to base 12.
7a4
Convert 1633c (base 13) to base 10.
42301
What is -816 (base 9) in base 7?
-1635
-bd0a (base 14) to base 7
-164313
What is -1a3 (base 14) in base 2?
-101010011
Convert -212020221 (base 3) to base 8.
-41072
-100010010110 (base 2) to base 8
-4226
Convert -77a (base 13) to base 14.
-67a
Convert 9210 (base 11) to base 2.
10111111001000
What is 986 (base 12) in base 2?
10101110110
Convert 4667 (base 9) to base 15.
105d
562 (base 16) to base 5
21003
Convert 312020 (base 4) to base 2.
110110001000
What is -558 (base 16) in base 14?
-6da
Convert 11112 (base 4) to base 9.
420
-65855 (base 9) to base 11
-2a926
Convert -6af (base 16) to base 10.
-1711
What is -5138 (base 9) in base 5?
-110021
What is 112100 (base 3) in base 11?
322
What is 233611 (base 7) in base 6?
523044
-20323 (base 5) to base 10
-1338
What is 8049 (base 10) in base 7?
32316
What is -12100110 (base 3) in base 13?
-1a10
Convert 655 (base 13) to base 5.
13314
Convert -587 (base 10) to base 12.
-40b
What is 106818 (base 9) in base 7?
354563
What is -55202 (base 7) in base 9?
-20855
-111332 (base 5) to base 12
-2367
a2a (base 14) to base 8
3716
Convert 5234 (base 6) to base 12.
81a
What is 893 (base 12) in base 6?
5503
3a2 (base 13) to base 5
10024
-43320 (base 5) to base 8
-5620
What is -7a01 (base 12) in base 7?
-54316
What is -985a (base 13) in base 14?
-7a24
Convert 12022 (base 7) to base 6.
22211
Convert 1384 (base 10) to base 4.
111220
5a5b (base 12) to base 2
10011110100111
What is 451c (base 13) in base 10?
9658
Convert -6b6 (base 12) to base 5.
-13002
What is 7c66 (base 15) in base 3?
1100020120
Convert 1731 (base 9) to base 8.
2454
What is -252 (base 13) in base 11?
-339
What is -2a78 (base 11) in base 14?
-1629
What is 1156 (base 8) in base 6?
2514
Convert 4402201 (base 5) to base 15.
174a1
What is -6787 (base 10) in base 2?
-1101010000011
Convert 35313 (base 6) to base 10.
5085
What is -16121 (base 10) in base 14?
-5c37
Convert 40452 (base 9) to base 7.
140411
-77c (base 16) to base 8
-3574
Convert -100111 (base 2) to base 14.
-2b
Convert 20520 (base 8) to base 9.
12625
What is 1085 (base 9) in base 8?
1446
What is -12104 (base 7) in base 12?
-1998
-6949 (base 10) to base 8
-15445
What is 7116 (base 9) in base 15?
1819
-1011001110001 (base 2) to base 14
-2145
Convert -3a45 (base 15) to base 4.
-3002120
Convert -41 (base 15) to base 13.
-49
245504 (base 7) to base 3
2021222102
What is 101b5 (base 13) in base 15?
8853
Convert -18eb (base 15) to base 6.
-40552
What is 1221021 (base 4) in base 9?
10206
What is -228 (base 10) in base 2?
-11100100
What is 97a (base 14) in base 3?
2120100
Convert 1310102 (base 4) to base 12.
4382
Convert 335 (base 11) to base 6.
1505
-29e (base 15) to base 16
-257
Convert 20311 (base 6) to base 14.
db5
What is -5803 (base 12) in base 11?
-73a5
123564 (base 7) to base 10
22929
Convert 12333103 (base 4) to base 15.
8737
Convert -757 (base 14) to base 12.
-a09
Convert -345c (base 13) to base 7.
-30261
Convert 21017 (base 9) to base 15.
4197
-18617 (base 9) to base 8
-31137
c39 (base 15) to base 7
11013
Convert -7995 (base 10) to base 4.
-1330323
630 (base 7) to base 12
223
819 (base 12) to base 2
10010010101
What is 2344 (base 6) in base 9?
701
What is -52a (base 13) in base 6?
-4025
-2106 (base 7) to base 13
-450
Convert -2e7 (base 15) to base 9.
-821
What is -21301 (base 6) in base 13?
-1435
What is -1100000101011 (base 2) in base 7?
-24016
Convert -4444 (base 6) to base 15.
-491
2212122 (base 3) to base 6
13412
What is -1414033 (base 5) in base 11?
-1aa98
1838 (base 9) to base 5
21122
What is -221131 (base 4) in base 2?
-101001011101
What is 9e34 (base 16) in base 7?
226035
Convert -15659 (base 11) to base 9.
-33260
What is -214 (base 8) in base 9?
-165
What is 102 (base 6) in base 4?
212
What is -8644 (base 9) in base 10?
-6358
Convert -738 (base 10) to base 13.
-44a
What is -224 (base 7) in base 12?
-98
21221230 (base 4) to base 3
2000020011
What is 6709 (base 13) in base 10?
14374
11110111 (base 2) to base 7
502
What is -1013 (base 11) in base 15?
-5ea
What is 93 (base 14) in base 11?
108
-1561 (base 7) to base 10
-631
Convert -101102122 (base 3) to base 4.
-1312310
What is 1278 (base 15) in base 5?
111223
Convert -111001010 (base 2) to base 13.
-293
What is 6164 (base 16) in base 5?
1244212
Convert -20001 (base 3) to base 10.
-163
What is -422454 (base 6) in base 9?
-52047
129a2 (base 15) to base 9
100618
Convert -143 (base 5) to base 6.
-120
Convert -335 (base 13) to base 5.
-4201
734c (base 16) to base 12
150b8
-10000100001000 (base 2) to base 7
-33440
What is -1858 (base 9) in base 16?
-596
Convert 23452 (base 7) to base 15.
1be4
What is -5100 (base 8) in base 2?
-101001000000
-22312 (base 4) to base 13
-415
2220211102 (base 3) to base 7
326354
Convert -412 (base 10) to base 13.
-259
Convert b8e (base 15) to base 3.
10120122
Convert 10002002 (base 3) to base 4.
203003
Convert 232143 (base 5) to base 9.
12488
12311 (base 4) to base 3
121012
-931 (base 14) to base 4
-130033
Convert -2041 (base 7) to base 9.
-874
What is 3560 (base 7) in base 14?
6a0
Convert 21554 (base 8) to base 7.
35303
Convert 2a7 (base 16) to base 13.
403
Convert 1003030 (base 4) to base 3.
12220021
676 (base 8) to base 7
1205
Convert -101343 (base 6) to base 5.
-230002
What is 35 (base 15) in base 3?
1212
Convert 15630 (base 10) to base 12.
9066
What is -47c (base 14) in base 5?
-12034
What is -a5 (base 15) in base 7?
-311
-7393 (base 10) to base 3
-101010211
7ba (base 16) to base 12
118a
-1336 (base 13) to base 10
-2749
What is -3665 (base 8) in base 15?
-8b8
Convert -2312 (base 8) to base 7.
-3401
32167 (base 8) to base 2
11010001110111
-84 (base 15) to base 11
-103
4304 (base 8) to base 11
1760
203 (base 11) to base 4
3311
Convert 34102 (base 5) to base 12.
1482
What is -53250 (base 6) in base 15?
-2220
2020310 (base 5) to base 16
7f44
What is 1410312 (base 6) in base 12?
39998
Convert -111101111011110 (base 2) to base 15.
-95e0
What is 439 (base 15) in base 5?
12304
Convert 44c (base 13) to base 2.
1011100100
Convert -396 (base 10) to base 12.
-290
-12a71 (base 13) to base 2
-1000011110110001
Convert 1001000100011000 (base 2) to base 8.
110430
What is -4879 (base 10) in base 13?
-22b4
-265 (base 16) to base 14
-31b
Convert -20572 (base 11) to base 14.
-acc6
Convert -268 (base 9) to base 11.
-194
-104241 (base 5) to base 16
-e70
What is -3146 (base 10) in base 8?
-6112
-1403 (base 7) to base 9
-662
215 (base 16) to base 5
4113
Convert -2053 (base 9) to base 13.
-8bb
Convert 52564 (base 8) to base 4.
11111310
What is -ad (base 16) in base 8?
-255
-1529 (base 11) to base 9
-2625
Convert -236 (base 7) to base 2.
-1111101
Convert -111110101010 (base 2) to base 12.
-23a2
What is -2f3 (base 16) in base 11?
-627
What is -2330112 (base 4) in base 14?
-4570
-202 (base 13) to base 2
-101010100
11340 (base 7) to base 11
2214
What is 334030 (base 5) in base 11?
8926
-a81 (base 11) to base 10
-1299
Convert -362 (base 10) to base 7.
-1025
What is 1033022 (base 4) in base 16?
13ca
What is a6 (base 11) in base 15?
7b
What is 42541 (base 6) in base 5?
141241
Convert -143412 (base 6) to base 14.
-502c
-725 (base 9) to base 5
-4330
What is a75 (base 12) in base 14?
7b3
-1344 (base 10) to base 13
-7c5
What is 101100101000101 (base 2) in base 6?
253445
Convert -641 (base 8) to base 9.
-513
11077 (base 9) to base 11
5591
26 (base 12) to base 4
132
Convert -809 (base 14) to base 5.
-22302
16643 (base 7) to base 14
1a5a
163 (base 8) to base 13
8b
10488 (base 13) to base 5
1414344
What is -212262 (base 7) in base 2?
-1000111111101011
What is -1962 (base 13) in base 4?
-323112
Convert -53b (base 14) to base 3.
-1102021
Convert -18691 (base 10) to